 a be (-8 - 1)/((-1)/33). What is the highest common divisor of a and m?
27
Let i be (-685)/(-11) - 126/462. Let x = i + 36. Calculate the greatest common divisor of x and 147.
49
Let f be 39 + 2/(-6)*(-81 + 96). Calculate the highest common factor of 1513 and f.
17
Let i be (-20 + (-1256)/(-64))*-16. Calculate the highest common factor of i and 24558.
6
Let a be ((10 - 13) + 6)*256/3. What is the highest common factor of 2176 and a?
128
Let l be (28/21)/(2/(-15)). Let h(f) be the third derivative of -f**4/24 - f**3/3 - 54*f**2. Let o be h(l). What is the highest common factor of o and 24?
8
Let t be (-152)/(-24) - (8/6 + -1). Suppose -330 = -i + t*i. Let u be (392/(-10))/(-2) + i/(-165). What is the greatest common factor of 140 and u?
20
Suppose -4*b = -3*j + 100, 4*j - 2*j = 5*b + 55. Let w = -10 + 9. Let g be (-3 + 1)/(w/10). What is the highest common divisor of g and j?
20
Let q(x) = -69*x + 2674. Let r be q(37). Calculate the greatest common factor of 704 and r.
11
Let b be 48/8 + 0 + 93. Let c = -87 + b. What is the greatest common divisor of 18 and c?
6
Suppose -5*x - 14 = -44. Let u be (-3)/((-1)/4*x) + 28. What is the highest common divisor of 50 and u?
10
Let v be 52/12 + (-2)/(-7 - -13). Suppose -v*f + 438 = w + 180, -3*w - 201 = -3*f. What is the highest common divisor of 5 and f?
5
Let b be (-4632)/(-54) - (1 + (-11)/9) - -7. What is the greatest common factor of b and 1?
1
Suppose -2*t = -6*t + 240. Let j = 924 + -834. What is the greatest common divisor of j and t?
30
Let g(r) = -r**2 + 23*r + 173. Let y be g(29). Let f(q) = -45*q**3 - q**2 + q + 1. Let n be f(y). What is the highest common divisor of n and 506?
22
Let n(k) = 30*k - 3420. Let u be n(116). What is the greatest common factor of 815 and u?
5
Let m(j) = -7*j + 4 + j + 25*j**2 - 4*j - 8*j**2. Let r be m(2). Calculate the greatest common factor of r and 13.
13
Let w(k) = 1418*k + 8615. Let z be w(11). What is the greatest common factor of 21 and z?
21
Suppose -3*y = l - 2184, 55*l + 3*y - 6558 = 52*l. Calculate the highest common factor of l and 18.
9
Suppose 0 = -432*f + 616*f - 11040. What is the greatest common factor of 1660 and f?
20
Let j be 2/(-6) + 68/6. Let m be 11/(6012/300 - 20). Calculate the greatest common factor of j and m.
11
Let n be 1*(7 + 2388) - (-5 + 0). Calculate the highest common factor of 8 and n.
8
Suppose -3*r = 2*o + 322, 4*o = -r - 0*r - 644. Let k = o + 225. Let a(b) = 97*b**2 - 2*b + 1. Let j be a(1). What is the greatest common factor of k and j?
32
Suppose l = 4*l - 39. Suppose -k = -l + 9. Let d be (-1552)/(-48) - k/(-6). Calculate the highest common factor of 99 and d.
33
Let i be ((-176)/40 - -4) + 1296/(-10). Let d = i + 196. What is the highest common factor of 12 and d?
6
Suppose 49*y - 74*y + 250 = 0. Suppose -196 = -y*o + 584. What is the greatest common factor of o and 663?
39
Let u(l) = -5*l**2 + 248*l - 1495. Let j be u(41). What is the highest common divisor of 7705 and j?
67
Let v(w) = 131*w + 1596. Let c be v(-12). Let x = -89 - -209. What is the greatest common factor of c and x?
24
Suppose 0 = 39*v - 30271 - 68399. What is the highest common divisor of v and 10?
10
Suppose 27*y - 9*y = 90. Suppose -5*h + 2*h - 5*u = -64, y*u = 2*h - 26. Calculate the highest common factor of 2 and h.
2
Suppose r + 896 = 2*i, -129*r = 5*i - 132*r - 2241. What is the highest common factor of i and 1043?
149
Let l = -15 + 35. Let x = -15 - -13. Let w be (75/x)/((-9)/6). What is the highest common divisor of l and w?
5
Let r = -27 - -45. Let c = -3377 - -4784. Suppose 31*j - c = 1383. Calculate the greatest common divisor of j and r.
18
Let x(t) = t**3 - 6*t**2 + 6*t - 1. Let d be x(5). Let m = -3903 - -3915. What is the greatest common factor of m and d?
4
Let k be ((-322)/98)/(20/(-115780)). Calculate the highest common factor of 23 and k.
23
Let k(g) = -g**2 - 25*g + 620. Let n be k(-40). Calculate the greatest common divisor of 172 and n.
4
Suppose 11*s - 547 = 1158. Let r = -123 + s. Calculate the highest common divisor of 16 and r.
16
Suppose -2*t - 5*z + 17 = 0, 7 - 11 = -4*z. Let w be t/(-14) - 1*4638/(-42). What is the greatest common divisor of 55 and w?
55
Suppose -3*n = -3, 3*u - 8*u + 88 = -2*n. Suppose 0 = -82*s + 189 + 303. Calculate the highest common divisor of s and u.
6
Let k(j) = -j**3 + 71*j**2 + 84*j - 617. Let x be k(72). What is the greatest common factor of 702 and x?
13
Suppose 0 = 88*u - 141*u + 3657. What is the highest common divisor of 943 and u?
23
Let n = 934 - 709. Suppose x + 10*k = 13*k + 75, 0 = -3*x + 3*k + n. Calculate the greatest common divisor of 15 and x.
15
Let y(k) = 3*k + 3. Let w be y(4). Suppose -2*v + 7*i + 24 = 2, 4*i + 109 = 5*v. Calculate the highest common factor of w and v.
5
Let c be 816/(-306) - 688/(-6). Let n be 4/(-6)*3 + 3. Let f be 3/n + (2 - -11). What is the highest common divisor of f and c?
16
Let i = -143 + 1231. Let d be (-6*(-20)/15)/(2/17). Calculate the greatest common factor of i and d.
68
Let d(n) = n**3 - 5*n**2 + 2*n + 8. Let s be d(2). Suppose 15*c + 6*c - 210 = s. Calculate the highest common factor of c and 610.
10
Let l = 11927 + -10411. What is the highest common factor of l and 4?
4
Let m(v) = v**2 - 4*v**2 + 5*v**2 + 2. Let r be m(1). Let i be (-5)/(-2)*(-64)/(-40). Calculate the greatest common factor of i and r.
4
Let s(b) be the first derivative of 17*b**2/2 + 324*b + 48. Let v be s(-6). Calculate the highest common divisor of 12 and v.
6
Let u be 583 + (-20)/(-50) + 33/55. Calculate the greatest common factor of 136 and u.
8
Suppose 428 = 2*h + 400. Let i be (-2 - -3) + 1 - -110. Suppose z = -z + i. What is the greatest common divisor of h and z?
14
Suppose -92*d + 18560 = 36*d. Calculate the highest common factor of 377 and d.
29
Let z be (-9)/(-6) - (32780/(-8))/11. Calculate the highest common divisor of z and 6919.
187
Let l be -1 - 5/(-7) - (-4731)/21. Suppose 76*s = 81*s - l. What is the greatest common divisor of 15 and s?
15
Suppose 2*p + 3*t + 3*t - 26 = 0, 0 = 2*p + 2*t - 14. Suppose 6*n + 2*g - 282 = 0, 2*n - p*g - 29 = 79. What is the highest common divisor of 96 and n?
48
Suppose 0*l + 18 = 6*l. Suppose -2*b + 121 + 85 = 5*o, -4*o - l*b + 162 = 0. Let n = -308 + 518. Calculate the greatest common divisor of n and o.
42
Suppose -2*j = 2*j - 28. Let n(y) = j - y**3 - 3*y + 3*y**2 + 0*y + 21*y. Let h be n(6). What is the highest common divisor of 35 and h?
7
Suppose -28 = -7*m + 7. Let v be (121/m)/((-6)/(-30)). Let l = v + -97. Calculate the greatest common divisor of 216 and l.
24
Suppose -8*m - 305 = -3*m. Suppose -49*x + 123 = -2*k - 44*x, -5*k + 3*x - 241 = 0. Let n = k - m. Calculate the greatest common factor of 17 and n.
17
Let b(k) = 19*k**3 + 7*k**2 + k - 7. Let r be b(2). Suppose -2*o = -r - 131. Calculate the greatest common divisor of 34 and o.
17
Suppose -34*z = -287 - 325. Calculate the greatest common divisor of 24 and z.
6
Let g = -6310 + 6334. Let q(x) = 27*x**2 - 2*x + 3. Let n be q(-3). Calculate the greatest common divisor of g and n.
12
Let u = 405 + -420. Let z(l) = -l**3 - 14*l**2 + 15*l + 9. Let q be z(u). Let k be -4 + 2 + 13 + -2. Calculate the highest common divisor of q and k.
9
Let b(t) = 4*t + 3*t**2 - 4 + t**3 - 18*t**2 + 5*t + 20. Let y be b(14). Let z be (1/(-3))/(6/y). Calculate the greatest common factor of z and 24.
3
Suppose 5*a - 58 = 47. Let m(p) = -p**2 - 7*p - 1. Let n be m(-11). Let q = 48 + n. Calculate the highest common factor of a and q.
3
Suppose -56*n = -14933 - 2427. Let g be ((-2)/(-2))/(2/4). Suppose 5*z - g*j - n = z, -2*j = -3*z + 233. Calculate the greatest common factor of 7 and z.
7
Let c(z) = 3*z**3 + 18*z**2 - 21*z + 3. Let j be c(-7). Suppose 32 - 125 = -j*v. What is the greatest common divisor of 31 and v?
31
Let x be 5085 + (7/11)/((-50)/(-550)). What is the highest common factor of 76 and x?
76
Let c = 71 - 53. Suppose n + 0*u + 5*u = 25, 2*u = -2*n + c. Suppose -4*o - p = -53, n*o = -0*o + 5*p + 60. What is the greatest common factor of 26 and o?
13
Let n = -59 + 98. Let r be (1 + 5/(-20))/((-66)/(-19888)) + -5. What is the greatest common divisor of n and r?
13
Let a(w) = -287*w + 112 + 582*w - 293*w. Let k be a(4). What is the greatest common factor of k and 24?
24
Let j(l) = 